 0*k = -135, 2*p - 270 = -3*k. Let w = p + -43. Suppose -4*o + 88 = -w. What is the remainder when o is divided by 16?
13
Suppose -96 = -37*y + 35*y. Suppose 2*j - 96 = 4*q, 2*q - j + y = -4*j. Let a = 30 + q. Calculate the remainder when 8 is divided by a.
2
Suppose 0*b + 4*j = 5*b - 69, -2*b - 5*j = -21. What is the remainder when (7 + -15 - (-92)/12)*-306 is divided by b?
11
Let c = 26 - 1. Suppose 54*h + 123 = 55*h. Calculate the remainder when h is divided by c.
23
Let i(t) = 2*t + 22. Let l(c) = -7*c + 4. Let k be l(2). Let y be i(k). Suppose -y*z = -50 - 18. Calculate the remainder when 66 is divided by z.
32
Let n(h) = h**3 + 22*h**2 + 15*h + 391. What is the remainder when 145 is divided by n(-22)?
23
Suppose 0 = 2*u + 6*u - 32. Suppose 12*l = u*l + 48. What is the remainder when 28 is divided by l?
4
Calculate the remainder when (-7)/2*140/(-10) is divided by 38.
11
What is the remainder when (1351/14)/(6/12) is divided by 68?
57
Suppose -21 = -2*p + 3*t, 4*p + 2*t = -3*t + 53. Suppose -18*l - 136 = -22*l. Calculate the remainder when l is divided by p.
10
Suppose 43 = 2*t + 3*r + 6, -21 = -t - 4*r. Let m(l) = -9*l - 99. Let c be m(-11). Suppose 0 = z - c - t. What is the remainder when 66 is divided by z?
15
Suppose -198 = c - 4*c. Suppose -12*p + 7*p = -15. Suppose -8 = -z - 3*k - p, 0 = 4*z - 5*k - 88. Calculate the remainder when c is divided by z.
15
Let u = -16 + 32. Suppose 0 = -q - j + 2, -2*q - q + j + 2 = 0. Calculate the remainder when u is divided by 1/q + (-7)/((-14)/8).
1
Suppose 16 = -0*i + 4*i. Let b = 8 + -6. Suppose -2*v + 38 = 2*v - b*j, -i*v + 33 = 3*j. What is the remainder when v is divided by 2?
1
Suppose 2*x = -4 + 8. Suppose -5*f + 2*l + 364 = 0, -f - 5*l = -x*l - 83. What is the remainder when f is divided by 19?
17
Let v = 192 - 143. Calculate the remainder when 340 is divided by v.
46
Suppose 214 = 44*o - 42*o. Let j(h) = -6*h + 13. What is the remainder when o is divided by j(-4)?
33
Calculate the remainder when ((-212)/6)/((64/(-8))/48) is divided by 18.
14
Let c = 603 - 533. What is the remainder when 838 is divided by c?
68
What is the remainder when 494 is divided by (102/(-51))/(2/(-50))?
44
Let u = 397 - 377. What is the remainder when 497 is divided by u?
17
Let b(t) = -2*t**2 + t - 4 + 7*t + t**2. Let y be b(7). Suppose 0*m + 146 = 4*m - w, w + 109 = y*m. What is the remainder when m is divided by 13?
11
Let w = -499 + 543. Calculate the remainder when 86 is divided by w.
42
Let s be 8/10*(-45)/2. Let x = 19 + s. Calculate the remainder when x is divided by 5/40*4*2.
0
Let m = 234 + -150. Let q be (-128)/28 + 2 - 4/(-7). Let x(y) = -2*y**3 + 2*y**2 - 5*y - 5. What is the remainder when m is divided by x(q)?
26
Let x = -275 - -387. Suppose 4*k + 8 = 0, 4*k - 2*k - x = -4*b. Suppose b = 3*q - 4. What is the remainder when q is divided by 7?
4
Let a(p) = p**3 - 6*p + 6. What is the remainder when a(4) is divided by (6/(-4))/(931/238 + -4)?
12
Let q(y) be the second derivative of -y**3/6 + 55*y**2/2 - 2*y. Calculate the remainder when q(9) is divided by 7.
4
Suppose 0 = i - 0 - 2. Suppose z + 1 = 0, 108*y = 111*y + 5*z - 34. Calculate the remainder when y is divided by i.
1
Let m(j) be the second derivative of j**4/4 - 13*j**3/6 + 13*j**2 + 12*j. What is the remainder when m(6) is divided by 19?
18
Suppose -302 = -6*o - 98. What is the remainder when 577 is divided by o?
33
Suppose 0 = 2*m + 10, -2*t + 0 = 4*m + 2. Suppose 2*x = 4*x - 204. Suppose 2*z = -z + x. What is the remainder when z is divided by t?
7
Suppose -14*r = -30*r + 1040. Let t = 78 - r. What is the remainder when t is divided by 8?
5
Suppose -b + 1 + 28 = 0. Suppose 31*g - 125 = 185. What is the remainder when b is divided by g?
9
Calculate the remainder when 11 is divided by (-6 - -11) + 10/(-5).
2
Let k(j) = j**2 - 9*j - 12. Let s be k(11). Suppose 2*n + 3 - 9 = 0. Suppose -n = -f + s. Calculate the remainder when f is divided by 2.
1
Let z(f) = 2*f + 17. Suppose 22 = -4*i + 6*i. Let g be z(i). Suppose 3*l + 3 - g = 0. What is the remainder when 22 is divided by l?
10
Let f(l) = 3*l**2 - 58*l + 515. What is the remainder when f(8) is divided by 13?
9
Let h = 436 - 135. Calculate the remainder when h is divided by 76.
73
Suppose 0 = 221*b - 216*b - 65. What is the remainder when 59 is divided by b?
7
Let p = -48 + 304. Calculate the remainder when p is divided by 38.
28
Suppose 2*d - 4 = v - 3, 5*v - 5 = 5*d. What is the remainder when 118 is divided by v?
1
Suppose -4*w - 2*t = -257 + 29, -2*t - 8 = 0. Calculate the remainder when w is divided by 11.
4
Suppose 5*r + 2*f - 4 = 5, -3*f = -2*r + 15. Let k = r + 15. Calculate the remainder when 67 is divided by k.
13
Suppose -100*l + 88*l = -1104. Calculate the remainder when l is divided by 16.
12
Let x(l) = 3*l**2 + 2*l + 1. Let f be x(-1). Suppose 0 = 37*v - 1104 - 3817. Calculate the remainder when v is divided by (-14)/(-21)*81/f.
25
Let b(s) = -s**3 + 10*s**2 + 13*s - 26. Let m be b(11). Calculate the remainder when m/(-30) + (-3414)/(-45) is divided by 20.
16
Suppose -t + 3*h = -1075, -5*h - 2148 = -26*t + 24*t. What is the remainder when t is divided by 17?
15
Let q = -457 + 481. What is the remainder when q is divided by 11?
2
Suppose -x - 26 = -5*l + 24, -l - 5*x = -10. Suppose 0 = d - 2*d + 2. Suppose -2*n + d = -l. Calculate the remainder when 23 is divided by n.
5
Let o(x) = -67*x**2 + 2 - 3*x + 70*x**2 + 2*x. What is the remainder when o(2) is divided by 5?
2
Let j(x) = -2*x + 11. Let w be j(4). Suppose -b - 4*c + 69 = -c, w*b = 2*c + 152. What is the remainder when b is divided by 19?
16
Let o = -355 + 444. Let j = -32 - -55. What is the remainder when o is divided by j?
20
Suppose -4*d = 2*z - 26, 0 = 2*d - 2*z + 5*z - 19. Suppose -3*k + 16 = -d. What is the remainder when 47 is divided by k?
5
Suppose -2*p + 16 = 4. Suppose w - 8*w = 0. Suppose -2*x + 26 + p = w. What is the remainder when x is divided by 6?
4
Suppose -2*z + 58 + 268 = 0. Calculate the remainder when z is divided by 33.
31
Calculate the remainder when 241 is divided by 4/((-64)/6) - 491/(-8).
58
Let x = 2104 + -1538. Calculate the remainder when x is divided by 111.
11
Suppose 214*t = 207*t + 385. Calculate the remainder when 218 is divided by t.
53
Calculate the remainder when 61 is divided by 31 - (24/8)/(-1*1).
27
Suppose 0 = -0*f + f - 7. Let s(x) = x**3 - 6*x**2 + x - 1. Let d be s(6). What is the remainder when d/(-10) + 110/4 is divided by f?
6
Let t(g) = g**2 + 16*g + 7. Let z be t(-6). Let x = 87 + z. Calculate the remainder when x is divided by 13.
8
Let q(d) = -d**3 + 4*d**2 + 5*d + 1. Suppose 0 = -3*f - 1 + 13. Calculate the remainder when 60 is divided by q(f).
18
Let u be (4 + (-28)/16)*(-8)/3. Calculate the remainder when 1/(u/(-126)) + (-2 - -3) is divided by 17.
5
Let g = 2820 - 2757. Calculate the remainder when 440 is divided by g.
62
Suppose 0 = 13*o - 16*o + 516. Suppose o = 7*r + 32. Suppose -41 = -3*i - 8. Calculate the remainder when r is divided by i.
9
Let n be (-13)/(-2) + (-36)/24. Suppose 2*j - 5*s = 31, j + n*s + 9 = -13. Suppose -j*k - 264 = -11*k. What is the remainder when k is divided by 6?
3
Suppose -3*t = -5*t - 20. Let z(i) = -2*i - 12. What is the remainder when 21 is divided by z(t)?
5
Let j = 159 + -148. Calculate the remainder when 54 is divided by j.
10
What is the remainder when (183/(-4))/((-30)/200) is divided by 34?
33
Let v = -36 - -36. Suppose -j - 67 = -2*j. What is the remainder when j is divided by (v/2 - -3) + 20?
21
Let k = 1562 - 1527. Calculate the remainder when k is divided by 0 - (-18 + -1)*1.
16
Let o(f) = 4*f - 25. Let v be o(8). Suppose a + v - 8 = 0. Calculate the remainder when 7 is divided by a.
0
Suppose 0 = 3*i - 9, 0 = 4*d + 2*i - 0*i - 50. Suppose 22*s = 11*s + 99. Suppose -86 = s*j - 10*j. What is the remainder when j is divided by d?
9
Let b = -17 + 32. Let t = b - 11. Suppose 0 = -t*m - 10 + 54. What is the remainder when 41 is divided by m?
8
Suppose 5*h - 40 = -5*f, -2*f + 37 = 5*h + 2*f. Calculate the remainder when -17*((-10 - -3) + h) is divided by 19.
15
Suppose 45 = 5*w + 5*s, s + 51 = 8*w - 3*w. Calculate the remainder when 47 is divided by w.
7
Let j(s) = 148*s**2 - 3*s + 2. Let m be j(1). Let c = m - 0. Suppose -c = -x